/400)?
3
Suppose 4*d = 3*x - 13937, 0 = 3*x - 7*x - 3*d + 18541. What is the thousands digit of x?
4
Suppose 0 = 17*a - 23458 - 98041. What is the thousands digit of a?
7
What is the hundreds digit of 396492/20 + (-96)/160?
8
Suppose f = 3*x - 34, -5*x - 32*f + 28*f + 85 = 0. What is the tens digit of x/(455/22690) + (-6)/21?
4
Let k(r) = 37*r**2 - 14*r + 4. Let t be k(3). Let b = 462 + t. What is the tens digit of b?
5
Let d = -180 - -543. Let o = 803 - d. What is the units digit of o?
0
Let t be (((-40)/(-6))/2)/((-5)/(-345)). Let d = t + -154. What is the units digit of d?
6
Let k be 30*(-1)/(1/(-5 + 4)). Suppose -k = -7*i + 5*i. Let y = i + 20. What is the units digit of y?
5
Suppose 5*b - 54146 - 54448 = -20209. What is the ten thousands digit of b?
1
Suppose -g - 18348 = -13*g. Suppose 0 = 7*v - g - 214. What is the units digit of v?
9
Suppose -7*i + 9690 = -1216. What is the hundreds digit of i?
5
Let n = -401 - -395. What is the hundreds digit of ((-18)/n)/(9/2649 - 0)?
8
Let m be 2/(-3) - (-7909)/33. Suppose 380 = 4*g - 5*a, 3*a + m = 5*g - 249. Let s = -18 + g. What is the units digit of s?
2
Let v be 3 + 0 - (4 - 3). Suppose 4*w + s = -3*s - 12, 5*w + 21 = -v*s. Let u(x) = -x**3 - 4*x**2 - 11*x + 7. What is the tens digit of u(w)?
8
Let m(v) = -192*v - 61 - 34*v - 17 - 24 + 15. What is the thousands digit of m(-6)?
1
Let n = -3 + 8. What is the hundreds digit of (128 + 1)*4/(12/n)?
2
Suppose -h + 5594 = -761. Suppose 10*z - h = 2295. What is the hundreds digit of z?
8
Suppose -5*o + 28 = -17. Suppose -o = 5*r - 19. Suppose -2*t + 4*k = -168, 9*t - r*k - 444 = 4*t. What is the units digit of t?
0
Let b = -11083 - -18982. What is the units digit of b?
9
Let z(c) = c**3 + 64*c**2 + 64*c - 577. What is the thousands digit of z(-61)?
6
Suppose -72*h + 74*h + 484 = 0. Let r = h - -585. What is the tens digit of r?
4
Let u = -36 + 52. Suppose 16 = z - u. Suppose z*f - 37*f = -145. What is the tens digit of f?
2
What is the thousands digit of 5355 - 9/(189/12)*7?
5
Let f(r) = r**3 + 38*r**2 - 27*r - 92. What is the tens digit of f(-13)?
8
Let u be (14/3)/((-22)/(-33)). Suppose u*o - 575 = 5*o + 5*c, 3*o = -2*c + 815. What is the tens digit of o?
7
What is the units digit of 10 - (8 - 2925 - -3)?
4
Let t(h) be the third derivative of 0 - 1/24*h**4 + 0*h + 9*h**2 + 7/6*h**3. What is the units digit of t(-8)?
5
Let i(s) = -s**2 - 84 + 2*s**2 - 32*s - 66 - 86 + 8*s. What is the hundreds digit of i(-21)?
7
Suppose -2*q = 10, 4*p - 5264 = 4*q - 14684. Let h = -1206 - p. What is the tens digit of h?
5
What is the units digit of (174815/(3 + 2))/(-24 + 25)?
3
Let k = -7 + -8. Let o(n) = -n**3 - 15*n**2 - 40*n - 9. What is the hundreds digit of o(k)?
5
Suppose 5*b - 70 = 4*m, -5*m - 14 = -b + 21. Suppose 2*p - 5*a - 1216 = 0, a + 14 = b. What is the hundreds digit of p?
5
Suppose -4*j + 2280 + 1276 = 0. Let n = 1281 - j. Suppose -6*h + 154 = -n. What is the tens digit of h?
9
Let h(n) = -9*n**2 - 146*n - 11. Let c be h(-7). Let t = 891 + c. What is the units digit of t?
1
Suppose -12*n + 70*n = 36*n + 40480. What is the thousands digit of n?
1
Suppose -4*t = -3*l + 70834, 2*l - 23616 = l + 2*t. What is the thousands digit of l?
3
Let q = -31 + 25. Let m(v) = -v**2 - 9*v - 15. Let d be m(q). Suppose 0 = 3*c + 4*b - 3*b - 322, d*c - 328 = 2*b. What is the units digit of c?
8
Let y = -6 + 4. What is the tens digit of (-8)/(-20)*(-110)/y?
2
Let t = 125 - 135. What is the units digit of 215 + -2*5/t?
6
Suppose 195*w - 197*w + 4178 = 0. Suppose -1411 = -25*b + w. What is the hundreds digit of b?
1
Suppose -15*g = -456 + 66. Suppose -g*c = 2328 - 16290. What is the tens digit of c?
3
Suppose 4*z = 3*u + 39, -17*z + 60 = -5*u - 12*z. What is the hundreds digit of 693 + -2 - 12*(-3)/u?
6
Let z = 87 - 112. Let p = z + 102. Let j = p + 14. What is the tens digit of j?
9
Suppose 5*q - 12 = 11*j - 15*j, 5*q + 5*j = 15. Suppose 0 = 4*c + 4*p - 2500, 5*c - p - 3122 = -5*p. Suppose q = -6*k + c + 98. What is the tens digit of k?
2
Let v = 18 + -2. Suppose x + 4*n - 11 = 0, -19*x - 3 = -22*x - 2*n. Let d = v + x. What is the tens digit of d?
1
What is the units digit of 3790*-7*(-15)/30?
5
Let u(p) = 21*p**3 + 5*p**2 - 38*p - 27. What is the hundreds digit of u(7)?
1
Let n(h) = -21*h + 4449. What is the units digit of n(94)?
5
Let o(x) = 143*x**2 - 142*x**2 + 12*x + 4 + 0 - 2. Let q be o(-12). Let i(z) = 16*z**3 - z**2 + 4*z - 8. What is the units digit of i(q)?
4
Suppose 5*m = -y + 6858, 3*m - 3006 = 3*y + 1098. What is the hundreds digit of m?
3
Let a = 2 + 88. Let x = a - -297. What is the units digit of x?
7
Let d(b) = -492*b - 129. Let h be d(-9). Suppose 20601 - h = 19*a. What is the units digit of a?
8
Let c(d) = -175*d**3 + 23*d**2 - 4*d + 2. What is the tens digit of c(-4)?
8
What is the thousands digit of (-31)/(372/(-21756)) - 17?
1
Let m = 18 - 16. Suppose -m*o = 2*n + 2, 0*n = -n - 5*o - 5. Suppose 3*q - 21 - 387 = n. What is the hundreds digit of q?
1
Let w(n) = -n**2 + 6*n + 39. Let s be w(9). Suppose b - 6*b = i - s, b = 5*i - 8. What is the tens digit of (-6)/(148/80 - b)?
4
Suppose 2*o - a = 42 - 6, -32 = -3*o - 4*a. Let b(l) = -o*l**3 + 3*l - 15*l**3 + 24*l**3 - 2*l**2 - 2 - 2*l. What is the units digit of b(-2)?
4
Suppose -18*d = -279773 + 67103. What is the thousands digit of d?
1
Suppose w + 1 = 0, 5*i - 16994 = 10*w - 6*w. Suppose 0 = -10*q + i + 8362. What is the thousands digit of q?
1
Let a = 2371 + -2176. Suppose -3*q - 9 = 9. Let i = a + q. What is the hundreds digit of i?
1
Let h(y) = -4*y**2 - 2*y - 7. Let f be h(16). Let o = f - -1523. What is the hundreds digit of o?
4
Let q(d) = d + 28. Let l be q(-12). Suppose -l*n + 3279 + 1633 = 0. What is the tens digit of n?
0
Let o = 163 - 243. Let t = o + 44. Let p = t + 175. What is the units digit of p?
9
Let r(t) = 13*t**3 - 12*t**2 - 2*t + 31. What is the units digit of r(5)?
6
Let i(s) = -136*s**3 - s**2 + 23*s + 63. What is the thousands digit of i(-5)?
6
Let y(r) = r**2 - 3*r - 62. Let o be y(8). Let j(p) be the first derivative of -p**4/4 - 7*p**3 + 11*p**2 + 25*p + 33. What is the units digit of j(o)?
5
Suppose 0 = 62*n - 25*n - 2716096. What is the ten thousands digit of n?
7
Let y(k) = k**2 + 105*k - 22. Let h be y(18). Suppose -1518 = -3*q + 4*x + h, -4*x = -4. What is the thousands digit of q?
1
Suppose -3*v = -5*o + 3, 2*v = -v - 4*o + 24. Let j be 0 + (-2)/8 - (-17)/v. Suppose -j*d + 184 = -0*p + 3*p, -2*p + 4*d = -156. What is the tens digit of p?
6
What is the hundreds digit of (-14792)/6*10692/(-648)?
6
Suppose -2*w - 172 = -5*w + 4*z, 3*z - 221 = -4*w. Let c = 65 - w. What is the units digit of ((-88)/(-3))/(c/((-567)/(-14)))?
2
Suppose -25 = -8*h + 87. Suppose h*v = 5*v + 63. Suppose -v*y + 601 + 421 = 0. What is the hundreds digit of y?
1
Suppose 3*j + 4653 = 10003 + 12059. What is the hundreds digit of j?
8
Let g(o) = o**3 + 12*o**2 + 6*o - 2. Let m(k) = 8 - 2*k**2 + 160*k + 0*k**2 - 144*k. Let u be m(9). What is the units digit of g(u)?
8
Let v(f) = 10224*f + 9437. What is the units digit of v(6)?
1
Let m = 10585 - -30263. What is the tens digit of 2/(-9) - m/(-108)?
7
What is the ten thousands digit of ((-481495)/35)/((13 - 11) + 3*-1)?
1
Let x be ((-68)/12 + 4)*-3. Suppose 0 = 4*m + u - 1214, x*u = 3*m - m - 618. What is the hundreds digit of m?
3
Suppose 5*w + 39 = 4*z, 7*z + 5*w - 15 = 2*z. Suppose 91 = z*a + a. Suppose 75 = a*v - 10*v. What is the units digit of v?
5
Suppose -71*q - 181*q = -21*q - 15133272. What is the hundreds digit of q?
5
Suppose 4*m + l = 85687, -3*m - 36383 + 100647 = 2*l. What is the ten thousands digit of m?
2
Suppose -5*s - s - 2952 = 0. Let p = 266 + s. Let b = 467 + p. What is the tens digit of b?
4
Let q be -3 + 8/3 + (-24983)/21. Let g = q - -2056. What is the units digit of g?
6
Suppose 6*o = 2680 + 854. Let s = -416 + o. What is the units digit of s?
3
Suppose -80*p + 1377071 = -1039809. What is the thousands digit of p?
0
Let t(p) = -p**2 + 11*p - 21. Let c be t(7). Suppose 5*w - 3*r = 1460, 2*r - c*r - 1460 = -5*w. What is the tens digit of w?
9
Let t = -8417 + 20784. What is the tens digit of t?
6
Let w(d) = -18*d - 193. Let o be w(-11). Suppose -9 = 3*n, -15*k + o*n = -18*k + 318. What is the tens digit of k?
1
What is the un